 and 11?
11
What is the highest common factor of 602 and 84?
14
What is the highest common divisor of 5454 and 101?
101
Calculate the greatest common factor of 12028 and 372.
124
Calculate the highest common divisor of 5 and 3225.
5
Calculate the greatest common factor of 33 and 891.
33
What is the highest common factor of 82 and 410?
82
Calculate the greatest common factor of 16 and 12.
4
What is the greatest common factor of 546 and 117?
39
What is the highest common divisor of 124 and 5146?
62
What is the greatest common factor of 636 and 24?
12
Calculate the highest common divisor of 343 and 35.
7
What is the highest common divisor of 253 and 92?
23
What is the highest common factor of 16 and 336?
16
What is the greatest common factor of 370 and 814?
74
Calculate the greatest common factor of 14 and 2933.
7
Calculate the highest common divisor of 20 and 1230.
10
Calculate the greatest common divisor of 1 and 9319.
1
What is the highest common factor of 324 and 108?
108
Calculate the highest common factor of 168 and 1407.
21
Calculate the highest common divisor of 1368 and 247.
19
What is the greatest common factor of 868 and 28?
28
What is the highest common divisor of 9 and 117?
9
What is the greatest common factor of 68 and 544?
68
What is the greatest common divisor of 115 and 69?
23
Calculate the greatest common factor of 377 and 26.
13
Calculate the greatest common factor of 187 and 4796.
11
What is the highest common factor of 81 and 29727?
81
What is the greatest common factor of 585 and 65?
65
What is the greatest common factor of 164 and 2378?
82
Calculate the greatest common factor of 27234 and 2142.
306
What is the highest common divisor of 12 and 3?
3
Calculate the highest common factor of 744 and 341.
31
Calculate the highest common factor of 3 and 353.
1
Calculate the highest common divisor of 37 and 1369.
37
What is the highest common factor of 30179 and 586?
293
Calculate the highest common factor of 4 and 137.
1
What is the highest common divisor of 2706 and 198?
66
Calculate the highest common factor of 2960 and 80.
80
Calculate the highest common divisor of 5 and 300.
5
Calculate the highest common divisor of 138 and 27186.
138
Calculate the highest common divisor of 45 and 495.
45
Calculate the highest common factor of 43 and 7439.
43
What is the greatest common factor of 92 and 598?
46
Calculate the greatest common factor of 52 and 2678.
26
What is the greatest common divisor of 32 and 712?
8
Calculate the greatest common factor of 34 and 306.
34
What is the highest common divisor of 1888 and 64?
32
Calculate the highest common factor of 81 and 69.
3
What is the highest common factor of 612 and 680?
68
What is the highest common divisor of 70 and 224?
14
What is the greatest common divisor of 609 and 87?
87
Calculate the highest common divisor of 558 and 5952.
186
Calculate the greatest common factor of 45 and 8955.
45
Calculate the highest common divisor of 15481 and 113.
113
Calculate the greatest common factor of 25 and 800.
25
What is the greatest common divisor of 1500 and 4250?
250
What is the highest common divisor of 84 and 567?
21
Calculate the highest common factor of 243 and 12231.
81
Calculate the greatest common factor of 5838 and 278.
278
What is the greatest common factor of 26 and 8?
2
Calculate the greatest common divisor of 130 and 17134.
26
What is the greatest common divisor of 531 and 59?
59
What is the highest common divisor of 43 and 8557?
43
Calculate the greatest common factor of 62 and 310.
62
What is the greatest common factor of 15 and 18495?
15
Calculate the greatest common factor of 1169 and 501.
167
What is the highest common divisor of 243 and 45?
9
Calculate the highest common divisor of 7280 and 140.
140
Calculate the highest common factor of 396 and 486.
18
Calculate the highest common divisor of 1159 and 122.
61
What is the highest common divisor of 210 and 500?
10
Calculate the highest common divisor of 840 and 1080.
120
What is the greatest common divisor of 555 and 10?
5
Calculate the highest common factor of 1100 and 484.
44
Calculate the greatest common divisor of 23 and 92.
23
Calculate the highest common divisor of 725 and 425.
25
Calculate the greatest common factor of 1261 and 13.
13
What is the highest common factor of 1960 and 160?
40
Calculate the highest common factor of 100 and 125.
25
Calculate the greatest common factor of 72 and 99.
9
Calculate the greatest common factor of 741 and 228.
57
Calculate the highest common divisor of 9 and 12303.
9
What is the highest common divisor of 3 and 384?
3
Calculate the highest common divisor of 63 and 1512.
63
Calculate the greatest common factor of 195 and 78.
39
What is the greatest common divisor of 216 and 24?
24
Calculate the greatest common divisor of 1624 and 87.
29
Calculate the greatest common divisor of 440 and 1870.
110
What is the greatest common divisor of 6913 and 31?
31
Calculate the greatest common divisor of 500 and 30.
10
What is the greatest common factor of 1353 and 33?
33
What is the highest common factor of 5800 and 58?
58
What is the greatest common factor of 444 and 168?
12
Calculate the highest common divisor of 1821 and 78.
3
What is the greatest common factor of 1653 and 228?
57
What is the highest common divisor of 1612 and 52?
52
Calculate the greatest common divisor of 30 and 1360.
10
Calculate the highest common divisor of 248 and 16.
8
What is the highest common divisor of 53 and 265?
53
What is the highest common factor of 30 and 510?
30
What is the greatest common divisor of 48 and 3660?
12
What is the highest common factor of 49 and 63?
7
Calculate the greatest common divisor of 98 and 294.
98
Calculate the highest common factor of 75 and 24.
3
What is the greatest common divisor of 14 and 12082?
14
What is the greatest common divisor of 232 and 1102?
58
Calculate the greatest common divisor of 105 and 21.
21
What is the highest common factor of 59 and 3?
1
Calculate the highest common factor of 99 and 231.
33
Calculate the highest common divisor of 14 and 3346.
14
What is the greatest common divisor of 196 and 26?
2
What is the greatest common factor of 2337 and 1026?
57
What is the highest common factor of 117 and 45?
9
What is the highest common divisor of 152 and 247?
19
What is the greatest common divisor of 1680 and 160?
80
Calculate the highest common divisor of 6623 and 111.
37
What is the highest common factor of 18 and 2?
2
Calculate the highest common factor of 84 and 1974.
42
What is the greatest common divisor of 5 and 635?
5
Calculate the highest common divisor of 152 and 418.
38
Calculate the highest common divisor of 1420 and 500.
20
What is the highest common factor of 84 and 924?
84
Calculate the greatest common factor of 999 and 888.
111
What is the highest common divisor of 1023 and 11?
11
What is the highest common factor of 40 and 360?
40
What is the greatest common divisor of 1500 and 32?
4
Calculate the greatest common divisor of 14 and 35.
7
Calculate the greatest common divisor of 3377 and 2149.
307
Calculate the greatest common factor of 175 and 2900.
25
Calculate the highest common divisor of 204 and 156.
12
Calculate the highest common factor of 12 and 41388.
12
What is the highest common factor of 23040 and 45?
45
Calculate the highest common divisor of 1865 and 25.
5
Calculate the greatest common factor of 11660 and 2860.
220
Calculate the greatest common divisor of 56 and 7.
7
What is the highest common factor of 81 and 14769?
27
What is the highest common factor of 125 and 275?
25
Calculate the greatest common factor of 104 and 2600.
104
What is the highest common divisor of 40716 and 24?
12
Calculate the highest common factor of 259 and 553.
7
Calculate the highest common factor of 12068 and 56.
28
What is the greatest common divisor of 7785 and 45?
45
Calculate the greatest common divisor of 28 and 98.
14
Calculate the greatest common factor of 595 and 45.
5
Calculate the highest common factor of 1505 and 60.
5
Calculate the highest common divisor of 24 and 480.
24
Calculate the greatest common divisor of 10 and 610.
10
Calculate the greatest common factor of 522 and 116.
58
What is the highest common divisor of 163 and 3260?
163
Calculate the highest com